f - 1256. Calculate p(82).
56
Let o(j) = -3796*j + 121304. Give o(32).
-168
Let w(j) = 156*j**2 - 554*j - 284. Determine w(4).
-4
Let b(s) = s**2 - 3403*s + 2140805. What is b(833)?
-5
Let b(d) = -4*d**2 + 5001*d - 438992. Give b(95).
3
Let b(s) = 2*s**3 + 1596*s**2 + 335*s + 267341. Determine b(-798).
11
Let l(v) = 157689*v + 15926587. Give l(-101).
-2
Let t(r) = -3*r**3 + 416*r**2 - 271*r - 250. Calculate t(138).
440
Let f(x) = 13752*x + 398924. Give f(-29).
116
Let t(j) = 9*j**2 - 197*j + 1041. Determine t(7).
103
Let b(w) = w**2 + 5669*w + 28302. What is b(-5)?
-18
Let n(z) = z**3 - 37*z**2 + 392*z - 1249. Determine n(6).
-13
Let x(k) = 5*k**2 + 4693*k - 228525. Determine x(-985).
-5
Let a(d) = 3173*d + 2287720. Determine a(-721).
-13
Let n(b) = b**3 + 29*b**2 - 32*b + 2005. What is n(-31)?
1075
Let z(g) = g**3 - 292*g**2 - 2*g + 704. Give z(0).
704
Let t(m) = -2208*m + 112262. Give t(51).
-346
Let w(q) = 31*q - 6184. What is w(198)?
-46
Let l(v) = v**3 - 29*v**2 - 191*v + 1865. What is l(33)?
-82
Let y(k) = -k**3 + 31*k**2 - 239*k + 5208. Give y(29).
-41
Let b(r) = 38*r**2 + 124*r + 24. Calculate b(-3).
-6
Let h(b) = -41*b + 394. Calculate h(11).
-57
Let x(q) = -2*q**2 + 1736*q - 172059. Determine x(114).
-147
Let a(s) = -s**3 + 156*s**2 - 288*s - 3067. What is a(154)?
13
Let w(j) = -7*j**2 - 1045*j - 21030. Calculate w(-24).
18
Let p(k) = 13288*k + 1036454. Calculate p(-78).
-10
Let z(d) = -d**3 - 58*d**2 - 356*d + 167. Calculate z(-51).
116
Let i(k) = -k**2 - 108*k + 103971. Calculate i(273).
-42
Let q(y) = y**2 + 15*y - 1931. What is q(36)?
-95
Let h(s) = -s**3 - 567*s**2 - 1125*s + 17. Calculate h(-2).
7
Let n(w) = -5*w**3 + 17*w**2 + 32542*w + 32526. What is n(-1)?
6
Let x(y) = -644*y - 113088. What is x(-176)?
256
Let i(d) = 24*d**2 + 2372*d - 35394. Calculate i(-112).
-2
Let j(s) = 2*s**3 - 51*s**2 - 13*s + 62. Determine j(26).
400
Let x(c) = 1851*c - 99940. Calculate x(54).
14
Let v(l) = l**2 + 140*l - 7053. Determine v(39).
-72
Let u(k) = -2748*k + 118130. Calculate u(43).
-34
Let x(f) = 6*f**2 + 31*f - 255. Determine x(0).
-255
Let c(j) = 24*j**3 + 2473*j**2 + 111*j + 851. Determine c(-103).
27
Let p(d) = 241*d - 575. Determine p(15).
3040
Let z(i) = -67616*i + 10886171. Determine z(161).
-5
Let w(d) = -20777*d + 187030. What is w(9)?
37
Let p(s) = 196998*s - 984606. Calculate p(5).
384
Let w(d) = d**3 - 31*d**2 - 258*d + 1330. Determine w(37).
-2
Let z(n) = -10604*n - 54424. Give z(-5).
-1404
Let t(i) = 49967*i + 2198546. Determine t(-44).
-2
Let q(h) = -39*h**2 + 187*h + 212. Give q(7).
-390
Let l(z) = 18122*z - 89797. Give l(5).
813
Let u(t) = -t**3 - 12*t**2 + 97*t - 234. Calculate u(6).
-300
Let k(h) = 8*h**2 + 22672*h - 68075. Determine k(3).
13
Let s(q) = -4*q**3 + 292*q**2 - 3818*q + 166. Determine s(17).
-4
Let i(p) = 12*p**2 + 1616*p + 294. Give i(-133).
-2366
Let a(v) = -v**3 + 275*v**2 + 54*v - 14722. Give a(275).
128
Let l(x) = 79496*x + 7949599. Give l(-100).
-1
Let c(z) = -5*z**3 + 7*z**2 + 50*z + 33. Determine c(-5).
583
Let p(x) = x**2 + 571*x + 15941. Calculate p(-29).
223
Let c(k) = k**3 - 332*k**2 + 15467*k - 621. Calculate c(56).
-5
Let z(r) = -11*r**2 - 235*r + 7621. What is z(-39)?
55
Let b(d) = -d**3 + 542*d**2 + 127*d - 69034. Determine b(542).
-200
Let k(g) = g**2 + 701*g + 9569. What is k(-14)?
-49
Let m(a) = 6565*a - 39392. Determine m(6).
-2
Let r(g) = -83619*g - 3512011. What is r(-42)?
-13
Let r(a) = 290*a + 7493. Calculate r(-26).
-47
Let c(p) = 2147*p**2 - 298427*p - 849. Determine c(139).
-15
Let q(g) = 29*g**2 - 1578*g - 24449. What is q(67)?
6
Let u(b) = -562090*b - 10. Determine u(0).
-10
Let m(g) = -2*g**3 + 38*g**2 - 262*g + 1148. What is m(11)?
202
Let d(i) = 25*i**2 + 3294*i - 150982. Calculate d(36).
2
Let a(y) = 3*y**2 - 68*y - 578. Calculate a(-8).
158
Let s(q) = -11*q**2 + 2155*q + 183312. What is s(260)?
12
Let w(a) = a**2 - 53262*a + 1330932. Calculate w(25).
7
Let v(b) = -7126*b + 534431. Give v(75).
-19
Let h(n) = n**3 - 21*n**2 + 554*n - 12335. Determine h(22).
337
Let w(q) = 37*q**2 - 4105*q - 217. Give w(111).
5
Let b(t) = -t**3 - 21*t**2 - 129*t - 2922. Determine b(-20).
-742
Let h(t) = -3*t**2 + 155*t - 762. Calculate h(49).
-370
Let g(w) = -w**3 - 17*w**2 - 66*w - 36. What is g(-9)?
-90
Let k(z) = -1396*z + 89336. Give k(64).
-8
Let g(y) = -33780*y - 608040. Determine g(-18).
0
Let s(i) = 6*i**3 + 4*i**2 - 3384*i + 8. Give s(0).
8
Let z(m) = -17103*m - 1590583. Determine z(-93).
-4
Let r(g) = -g**2 - 73*g + 1106. Determine r(14).
-112
Let q(k) = 45*k**3 + 65*k**2 + 278*k + 91. Give q(-4).
-2861
Let j(d) = 197*d - 1581. Calculate j(17).
1768
Let b(c) = -32*c - 2399. Give b(-39).
-1151
Let f(r) = -322*r**2 + 191941*r - 17264. Calculate f(596).
20
Let x(g) = -25*g**3 - 1248*g**2 + 131*g + 197. Calculate x(-50).
-1353
Let o(y) = -y**3 - 263*y**2 + 264*y - 133. Calculate o(-264).
-133
Let k(z) = -8*z**2 - 141*z - 1538. Calculate k(-12).
-998
Let g(y) = -y**3 + 57*y**2 + 401*y + 3042. What is g(64)?
34
Let u(s) = -20845*s - 29787510. Calculate u(-1429).
-5
Let l(g) = 5*g**2 + 744*g + 16577. Determine l(-121).
-242
Let c(d) = 2323*d + 37091. What is c(-16)?
-77
Let t(i) = 177*i - 14385. Calculate t(80).
-225
Let o(t) = 10*t**3 - 122*t**2 + 34*t + 6. What is o(11)?
-1072
Let k(x) = -23417*x + 70259. What is k(3)?
8
Let u(c) = 7*c**2 - 2859*c + 131862. Determine u(53).
-2
Let q(h) = -h**3 - 214*h**2 + 4144*h + 572. What is q(18)?
-4
Let s(i) = -4*i**2 - 432*i + 5235. What is s(11)?
-1
Let r(b) = 2*b**3 - 69*b**2 - 731*b - 57. Give r(43).
-57
Let u(j) = -10144*j + 81164. Give u(8).
12
Let d(o) = 8*o + 638. Determine d(-14).
526
Let j(o) = -o**3 + 175*o**2 - 4812*o + 690. What is j(34)?
78
Let k(f) = 10*f**2 - 264*f + 46. What is k(9)?
-1520
Let j(k) = -48*k**2 + 15*k + 661. Give j(0).
661
Let i(k) = 7*k**3 - 1016*k**2 + 130*k + 2207. Determine i(145).
32
Let m(q) = 22*q**2 - 14497*q - 15174. Determine m(660).
6
Let k(m) = -202*m**2 - m - 3. Determine k(2).
-813
Let i(r) = -1223*r + 24454. Give i(20).
-6
Let f(b) = -2129363*b + 27681706. Determine f(13).
-13
Let r(y) = -6838*y - 546872. Determine r(-80).
168
Let b(q) = 4492*q - 35854. Determine b(8).
82
Let s(w) = -6954*w - 292585. Calculate s(-42).
-517
Let i(r) = -r**2 - 15889*r + 2957429. Determine i(184).
-3
Let g(p) = 18*p**3 + 915*p**2 - 3085*p - 33. Calculate g(-54).
345
Let v(d) = -d**2 + 17777*d + 1285132. What is v(-72)?
4
Let b(f) = 19364*f + 13535449. Determine b(-699).
13
Let t(z) = 5213*z - 4300720. Give t(825).
5
Let v(p) = 1660*p + 844636. Determine v(-509).
-304
Let d(o) = o**3 + 8*o**2 - 218*o - 1812. Determine d(-9).
69
Let r(x) = -x**3 + 35*x**2 - 204*x - 1033. Calculate r(27).
-709
Let v(w) = 12*w**2 + 697*w - 8167. Give v(10).
3
Let w(z) = -18*z**2 + 41*z + 537. Determine w(-5).
-118
Let t(z) = -2*z**2 + 555*z + 21266. What is t(-34)?
84
Let y(p) = -144279*p - 1298514. Determine y(-9).
-3
Let n(z) = z**3 + 15*z**2 + 15*z + 1845. Give n(-19).
116
Let z(n) = 11*n**2 - 806*n - 20. Calculate z(0).
-20
Let f(z) = -21*z**2 - 331*z - 1379. Give f(-4).
-391
Let z(i) = 45*i**3 - 3235*i**2 - 373*i + 984. Determine z(72).
48
Let l(u) = u**3 - 13*u**2 - 1107*u + 16146. Give l(15).
-9
Let r(m) = 3*m**3 - 11*m**2 - 25*m - 12. Determine r(-2).
-30
Let a(r) = r**3 + 109*r**2 + 468*r + 50. Calculate a(-4).
-142
Let n(o) = 1859*o + 42864. Give n(-23).
107
Let f(n) = -14*n**2 - 611*n - 4243. Give f(-35).
-8
Let z(n) = -54*n**3 + 1134*n**2 + 26*n - 503. What is z(21)?
43
Let v(g) = -124*g**2 - 25307*g + 131. Give v(-204).
2375
Let i(x) = 14*x**3 - 18*x**2 - 115*x + 390. Give i(3).
261
Let k(m) = 12*m**2 - 10651*m + 63470. Determine k(6).
-4
Let k(n) = -566*n - 12384. Determine k(-18).
-2196
Let n(r) = 592*r + 669545. Calculate n(-1131).
-7
Let k(x) = -x**3 - 46*x**2 - 66*x + 934. What is k(-44)?
-34
Let x(b) = b**3 + 47*b**2 - 82*b - 6. Calculate x(-48).
1626
Let p(d) = -d**3 - 46*d**2 - 463*d - 460. What is p(-32)?
20
Let d(q) = -q**2 - 96*q - 1291. Give d(-86).
-431
Let j(t) = -17*t**2 + 325*t + 1888. Determine j(-6).
-674
Let d(q) = -q**3 + 9*q**2 + 132*q + 139. Give d(-7).
-1
Let q(r) = -67*r**2 - 3238*r - 7177. Calculate q(-46).
-1
Let q(o) = -o**3 + 28*o**2 - 7*o - 9. What is q(9)?
1467
Let c(k) = 85475*k + 29403402. Deter